93 + -736 - (-12 - 221).
90
What is 50 + (-22 - ((1 - 9) + 4))?
32
What is the value of 1924 + -2133 - (-1 + -107)?
-101
-8 + (-1 - -10) + 12 - 28
-15
What is 1 + -6 + (13 - -20) + 2?
30
What is 0 - (4 + -3 + 2) - (-3 - 17 - -57)?
-40
Evaluate (-67 - -5) + -16 - (-1 - (4 + 6)).
-67
Evaluate ((-22 - -48) + -25 - (-1 - -8)) + 13.
7
What is the value of -38 + (-6 - -62) + -32?
-14
Evaluate (-6 + 123 - 84) + 0 + -15.
18
Calculate (2 - -69) + (-172 - -170) + (4 - 5) + 3.
71
75 - ((-17 - (3 - 40)) + -54)
109
What is the value of -15 + 1 - ((-32 - -5) + -471 + 357)?
127
Evaluate -64 + 59 + -27 - 19.
-51
What is the value of 13 + 10 - 15 - (40 + (-4 + 6 - 1))?
-33
What is -4 - -125 - (-42 - -74) - -43?
132
-10 - (6 + -22) - (-2 + -1 - -18)
-9
What is the value of 2 - -2 - (15 + -45 - -37)?
-3
What is 14 + 91 + (195 - 270)?
30
-52 + (-9 + (7 + -15 - -12) - 4) - -6
-55
What is the value of 38 + (-11 - -25) + -10 + -16 + 15?
41
What is 21 + (-11 - 9) + -7 - -11?
5
24 + 1 - (2533 - 2485)
-23
37 - (71 + 35 + -75)
6
Calculate (-20 + (6 - 5) - (12 + 4 + -23)) + -49.
-61
Evaluate 3 + 2 - -18 - (-17 + (1 - -31)).
8
What is 14 + 20 - 58 - (5 - -24)?
-53
Evaluate 5 + (11 - 2 - (-8 - 49)) + (-1 - 3).
67
What is 118 - (-66 - -48 - -64)?
72
-10 + (-26 - 6 - -14) + (7 - 2)
-23
Evaluate (16 - -26 - 21) + (-62 - -3).
-38
What is the value of 55 + 81 + 0 - 152?
-16
What is the value of (-31 - 0) + 71 - 24?
16
Calculate -3 + 10 - (2 - (-56 - -27 - 45)).
-69
What is the value of 38 + -35 + (75 - (33 - 16))?
61
Calculate 12 - 102 - (-30 + -8).
-52
What is -51 - ((-87 - 44) + -34)?
114
Calculate 24 - ((-15 - (-33 + 12)) + 37).
-19
What is -7 + (-6 - -38 - 16 - (4 - -12))?
-7
171 - 4 - (14 - (40 - 51))
142
What is 33 + ((7 - 20) + 4 - -10 - 2)?
32
Calculate 33 - (-45 - -67) - 22.
-11
Calculate 0 + 5 + -10 + (-42 - -27).
-20
What is 10 + -1 + 19 + -12 + (2 - 12) + -5?
1
-31 + (-21 - (-92 - -13))
27
What is -20 - (2 + (66 - (3 + 21)))?
-64
Evaluate 20 + (10 - 12) + -6 + -5.
7
Calculate 10 - (3 + -40 + 80).
-33
Evaluate 83 - (58 + -70 - -84).
11
8 - -8 - (-11 - -14 - 10 - (-5 - 1))
17
Calculate 206 - 200 - (0 + 11 + -3 + 38).
-40
Calculate -7 + -1 + -1 + -67 + 101 + 25 + 0.
50
What is the value of 164 + (-71 - 93) + 90?
90
What is (35 - (72 + -18)) + (-44 - 1)?
-64
What is the value of 5 - (-5 + (18 - (-4 - -5)) + -10)?
3
Calculate 34 - 46 - 13 - (46 - 60).
-11
Calculate 2 + (15 - -11) + -20 - (14 + 2).
-8
Calculate 27 + 0 + 28 + -170 + 152.
37
What is the value of 4 - 12 - ((-10 - -11) + -51 + 2 + 5)?
35
What is (-187 - -176) + (5 + -2 - 1)?
-9
Evaluate 11 - -1 - (42 - ((23 - 24) + 20)) - 45.
-56
Evaluate 11 + -35 + (-40 - -75) + (-1 - 14).
-4
What is -17 + -7 + -15 + 24 - (24 - 3)?
-36
Evaluate (0 - -6) + 2 + -34 + 16 + -13.
-23
Evaluate -128 - (-81 - (-58 + 226)).
121
What is 8 - -107 - (2061 + -1802)?
-144
Evaluate 2 - (-1 + 73 + 2 + 97 + -81 + -30).
-58
Evaluate -244 + 241 + (3 - (3 + 33)).
-36
What is the value of 6 + (33 - (-19 + -26 + 54))?
30
Calculate 2 + -8 - (-8 + -34 + 21 - -49).
-34
Evaluate 1 - (-48 - -2) - (16 + 0 + -24 + 2).
53
Calculate -37 + (-7 - -34) + -76 + 6.
-80
Calculate -1 - -24 - (92 + -56).
-13
Calculate (30 - 20) + 1 + 2 + 8.
21
Evaluate 14 - (678 + -659 + (14 - 1)).
-18
-8 + (0 + (-8 - 0) - (99 - 292 - -100))
77
Evaluate -54 - (-48 + 36 + (-6 - 4)).
-32
What is the value of 29 - (11 + (-20 + 9 - -11))?
18
Evaluate 0 + 11 + -2 + 24 + 1621 + -1689.
-35
What is the value of 38 - (-8 - (-9 + 3 + (5 - 9)))?
36
Evaluate (-5 - -122 - 26) + -42.
49
What is the value of 50 + (-255 - -112) - (12 - -2)?
-107
What is -3 + (-11 - 0 - (44 + -15 + -50))?
7
What is -12 + 2 + -2 - (31 - (-251 - -236))?
-58
Evaluate 18 - (-22 + 32 + -13).
21
What is -13 + 0 + (-1097 - -1077) + -1 + -60 + -22?
-116
1308 + -1504 - (9 - 126)
-79
Calculate -2 + 0 - (-30 - (-9 + 11)) - -4.
34
What is -7 + (-49 - (-20 - 43))?
7
6 + (0 - 12) - (-140 - -165)
-31
What is -126 + -7 + (93 + 17 - 88)?
-111
What is the value of (-30 - -39) + 26 - (-26 - 10)?
71
10 - (6 + 27) - (43 - 14 - 19)
-33
-6 + -11 + 5 + 41 - (13 + -11)
27
Calculate 12 - (-12 - 27) - 39.
12
Evaluate -50 - (52 + (-127 - -35)).
-10
Calculate (3 - -23) + (23 - 37) - (55 + -2).
-41
-13 + 0 - (10 + -5 + -1 + 5 - 15)
-7
0 + (-29 - -21) - ((-4 - -3) + 7 + -2)
-12
What is the value of 20 - (3 - -29 - 7 - (21 + -7))?
9
What is 33 - ((46 - 13) + 21)?
-21
What is -4 + (12 - (-24 - (-1 - 72 - -24)))?
-17
What is the value of -45 - (-22 + 11 + 29 - (12 - -4))?
-47
Calculate 7536 + -7579 - (0 + -128).
85
Evaluate 36 - (78 + (-84 - -115)).
-73
What is 30 + (-117 + 129 - (5 + 147))?
-110
What is the value of (12 - (5 - 4) - (185 - 170)) + 24?
20
Evaluate -5 - (-2 + -3 - (-1 - -2)) - (290 + -284).
-5
Calculate 60 - 16 - 14 - (-32 - -5).
57
-8 + 9 + -3 + -18 + (-2 + 18 - 20)
-24
Calculate 77 + -99 - (6 + (-44 - 5)).
21
Evaluate 7 - (1 + 4 + (-20 - (41 - 50))).
13
Calculate -25 + (10 - 11) + 10 - (-11 + 21).
-26
Calculate 40 + (43 - 19) - 102.
-38
-5 + 41 - (-68 - -123)
-19
What is the value of -6 + (-1 + -1 - 1 - (768 + -735))?
-42
Evaluate -54 + 0 - (-12 + 28) - (-13 - 5).
-52
Evaluate -32 - (-37 - (37 - 31)).
11
Evaluate -8 + 10 - (455 - 445).
-8
What is -25 + 7 + 78 + -46?
14
Calculate 162 + -116 - (-1 + -10).
57
Evaluate -55 - (-26 + (-19 + 37 - 1)).
-46
Calculate 187 - (40 + -31 + 79).
99
Calculate 24 + 1 + (-57 - (-79 + 31)).
16
117 - (136 - (12 + 46))
39
What is the value of 148 - ((49 - 36) + 23 + 10)?
102
What is the value of -89 - (6 + 0 + -37 + -29 + 46)?
-75
(49 - (80 + -9 + 48)) + 20
-50
17 - (1 + 1 - -16) - (2 - -6)
-9
Calculate 0 - (-5 - (5 - (-88 + -15 + 0))).
113
Evaluate -5 + (6 - ((-6 - 1 - 8) + 33)).
-17
Evaluate (123 - 74) + -17 + -37.
-5
What is the value of (45 - 12) + (8 - 36) - 11?
-6
What is the value of 32 - (-12 - -43 - -1)?
0
Calculate (602 - 624) + (-1 - -3 - 21).
-41
Evaluate (-46 - -60) + (15 + 9 - -11).
49
Evaluate -85 + 28 - -27 - -67.
37
Calculate (6 - (161 + -78)) + (0 - -14).
-63
Evaluate (2 - -21) + -2 + -30 + 29 + -17.
3
Calculate 48 - (-48 + 46) - 107 - (0 + 2 + -13).
-46
What is -38 - (-2675 + 2690 + (-2 - (-1 + 2 + -1)))?
-51
Evaluate 34 + -29 + -21 + (81 - -2).
67
What is the value of 3 + (-5 - 0) + -1 + -38 - (-206 + 208)?
-43
(-2 + 13 - -11 - (-13 - -26)) + 35
44
What is the value of -1 + 41 - (14 + (-38 - -13) - -20)?
31
Evaluate -95 + 245 + 20 + -86.
84
-23 + 15 + (29 - 79)
-58
Calculate 2 + (-5 - 4 - -4) + (-46 - (39 + -38)).
-50
Evaluate (25 + (-43 - -26) - (0 - (-10 - 0))) + -33.
-35
88 + -86 + (51 - (-13 + 6 + 7))
53
What is the value of (-74 - -74 - (-12 - -41)) + 122?
93
What is the value of -27 + (16 - -14) + (-2 - (-6 - 3))?
10
Calculate -8 + 5 + -155 + 16 + 9.
-133
Calculate -119 + -73 + 160 + 72.
40
What is the value of -2831 + 2778 - (0 - 65)?
12
What is (-13 - 0 - (-3 + -2 + -4 + -1)) + -15?
-18
-51 + 50 + 84 + (2 - 24)
61
Calculate 16 + (2 - 25) + 1 + 11 + 3 + 2.
10
Calculate -22 + 39 + (5 - 7) + -7.
8
64 - (20 - 59 - -42) - 7
54
Evaluate 4 + (-11 - 6) + 107 + -20.
74
Calculate -20 - (-26 - -4) - ((19 - 9) + -7 - -56).
-57
What is 57 + (15 - (0 + 3))?
69
Evaluate -3 + ((-7 - -14) + -18 + 14 - (-6 - 9)).
15
0 + 7 - ((-6 - (-28 + (-2 - -16))) + -18)
17
-42 - (51 - 152 - -54)
5
-178 + 91 + 83 - (-50 + 2)
44
What is the value of -38 + 0 + 2 + -9 + (5 - (-2 - -1))?
-39
What is (-1 - -6) + (-3 - (-23 + 1)) + 7 + -2?
29
Calculate 16 - (16 + -27 + 4 + -7 - -3).
27
What is the value of 68 - (-1 + -2 + (4 - -2) + (-15 - -8))?
72
What is 28 + (2 - (0 + -39)) + -73?
-4
What is the value of 1191 + -1086 - (57 + -2)?
50
-23 + ((19 - -11) + 16 - 9)
14
What is the value of -21 + 17 + 15 - (-32 - 3)?
46
Evaluate (37 - 0) + (4 - -3) + 206 + -225.
25
Evaluate -84 + 35 + 59 - (-10 + -1 - (-4 + 4)).
21
Calculate 43 + 49 + -10 + -39.
43
Calculate 2 - -18 - ((1 - -26) + 27).
-34
Evaluate -11 - (48 - 58) - (10 + (2 - 2)).
-11
What is 3 - (-15 + 4) - -11 - 12 - -16?
29
Calculate (41 - 52) + 28 - -2.
19
Calculate 25 - ((48 - -5) + -57).
29
What is 82 - (-78 + 179 - 87)?
68
What is (-6 - 8) + 9 - -13?
8
What is the value of (-2620 - -2659) + (-13 - (-2 + -3 + 4))?
27
Calculate (-1 + 0 - -2) + -226 + 231.
6
Calculate -2834 + 2831 + 1 + 4 + 3.
5
Evaluate ((7 - 4) + -9 - -11) + (35 - 112) + 3.
-69
What is